


{"id":7,"date":"2017-04-06T11:34:01","date_gmt":"2017-04-06T09:34:01","guid":{"rendered":"http:\/\/localhost\/wordpress\/?page_id=6"},"modified":"2018-03-29T16:17:03","modified_gmt":"2018-03-29T14:17:03","slug":"ueber-uns","status":"publish","type":"page","link":"https:\/\/m-terzini.ch\/index.php\/ueber-uns\/","title":{"rendered":"\u00dcber uns"},"content":{"rendered":"<div class=\"item-page\">\n<article class=\"art-post\">\n<div class=\"art-postcontent clearfix\">\n<div class=\"art-article\">\n<p>Unser Unternehmen hat ein erfahrenes Team von Isolierprofis, welche sehr viel an individueller Erfahrung mitbringen. Wir legen grossen Wert auf die Zuverl\u00e4ssigkeit unserer Mitarbeiter. Unser Team ist haupts\u00e4chlich in der Deutschschweiz t\u00e4tig und f\u00fchrt da die Auftr\u00e4ge zur vollsten Zufriedenheit der Kunden aus.<\/p>\n<p>Unsere Angebot umfasst folgende Leistungen:<br \/>\n&#8211; K\u00e4lteschutz<br \/>\n&#8211; W\u00e4rmeschutz<br \/>\n&#8211; Schallschutz<br \/>\n&#8211; PVC<\/p>\n<p>Haben Sie Fragen, dann z\u00f6gern Sie nicht und rufen Sie uns an oder schreiben Sie uns per Mail, wir werden Ihnen gerne weitere Ausk\u00fcnfte geben.<\/p>\n<\/div>\n<\/div>\n<\/article>\n<\/div>\n","protected":false},"excerpt":{"rendered":"<p>Unser Unternehmen hat ein erfahrenes Team von Isolierprofis, welche sehr viel an individueller Erfahrung mitbringen. Wir legen grossen Wert auf die Zuverl\u00e4ssigkeit unserer Mitarbeiter. Unser Team ist haupts\u00e4chlich in der Deutschschweiz t\u00e4tig und f\u00fchrt da die Auftr\u00e4ge zur vollsten Zufriedenheit der Kunden aus. Unsere Angebot umfasst folgende Leistungen: &#8211; K\u00e4lteschutz &#8211; W\u00e4rmeschutz &#8211; Schallschutz &#8211; [&hellip;]<\/p>\n","protected":false},"author":1,"featured_media":0,"parent":0,"menu_order":0,"comment_status":"closed","ping_status":"closed","template":"","meta":{"inline_featured_image":false,"footnotes":""},"_links":{"self":[{"href":"https:\/\/m-terzini.ch\/index.php\/wp-json\/wp\/v2\/pages\/7"}],"collection":[{"href":"https:\/\/m-terzini.ch\/index.php\/wp-json\/wp\/v2\/pages"}],"about":[{"href":"https:\/\/m-terzini.ch\/index.php\/wp-json\/wp\/v2\/types\/page"}],"author":[{"embeddable":true,"href":"https:\/\/m-terzini.ch\/index.php\/wp-json\/wp\/v2\/users\/1"}],"replies":[{"embeddable":true,"href":"https:\/\/m-terzini.ch\/index.php\/wp-json\/wp\/v2\/comments?post=7"}],"version-history":[{"count":5,"href":"https:\/\/m-terzini.ch\/index.php\/wp-json\/wp\/v2\/pages\/7\/revisions"}],"predecessor-version":[{"id":118,"href":"https:\/\/m-terzini.ch\/index.php\/wp-json\/wp\/v2\/pages\/7\/revisions\/118"}],"wp:attachment":[{"href":"https:\/\/m-terzini.ch\/index.php\/wp-json\/wp\/v2\/media?parent=7"}],"curies":[{"name":"wp","href":"https:\/\/api.w.org\/{rel}","templated":true}]}}