


{"id":64,"date":"2017-04-06T11:30:26","date_gmt":"2017-04-06T09:30:26","guid":{"rendered":"http:\/\/localhost\/wordpress\/?page_id=2"},"modified":"2018-02-13T02:44:19","modified_gmt":"2018-02-13T01:44:19","slug":"beispiel-seite-2","status":"publish","type":"page","link":"https:\/\/m-terzini.ch\/","title":{"rendered":"Herzlich Willkommen"},"content":{"rendered":"<p>Wir realisieren Projekte in <strong>allen Bereichen der Isoliertechnik<\/strong>. Von A bis Z unterst\u00fctzen wir Sie kompetent im Rahmen einer aktiven Partnerschaft. Durch unsere hohe Fertigungstiefe erreichen wir h\u00f6chste Qualit\u00e4t und Flexibilit\u00e4t \u2013 so werden wir Ihren individuellen Projektanforderungen gerecht.<\/p>\n<p>Ausgepr\u00e4gtes \u00f6kologisches Denken ist f\u00fcr uns dabei die Voraussetzung. Als Ihr ganzheitlicher Partner setzen wir Ihre W\u00fcnsche in die Tat um.<\/p>\n<p>Ganz gleich, ob es Ihr Anspruch ist, eine <strong>effiziente W\u00e4rmeisolierung<\/strong> zu realisieren oder auf der Suche nach einer geeigneten <strong>Schall- oder Brandschutzl\u00f6sung<\/strong> sind: Im Rahmen komplexer Spezialprojekte entwickeln wir innovative Systeme f\u00fcr all Ihre Anforderungen.<\/p>\n<p>Mit vielen Jahren Erfahrung leisten wir einen \u00f6konomisch und \u00f6kologisch wertvollen Beitrag im Bereich der Isoliertechnik \u2013 maximale Effizienz f\u00fcr unsere Kunden und die Natur.<\/p>\n","protected":false},"excerpt":{"rendered":"<p>Wir realisieren Projekte in allen Bereichen der Isoliertechnik. Von A bis Z unterst\u00fctzen wir Sie kompetent im Rahmen einer aktiven Partnerschaft. Durch unsere hohe Fertigungstiefe erreichen wir h\u00f6chste Qualit\u00e4t und Flexibilit\u00e4t \u2013 so werden wir Ihren individuellen Projektanforderungen gerecht. Ausgepr\u00e4gtes \u00f6kologisches Denken ist f\u00fcr uns dabei die Voraussetzung. Als Ihr ganzheitlicher Partner setzen wir Ihre [&hellip;]<\/p>\n","protected":false},"author":1,"featured_media":0,"parent":0,"menu_order":0,"comment_status":"closed","ping_status":"open","template":"","meta":{"inline_featured_image":false,"footnotes":""},"_links":{"self":[{"href":"https:\/\/m-terzini.ch\/index.php\/wp-json\/wp\/v2\/pages\/64"}],"collection":[{"href":"https:\/\/m-terzini.ch\/index.php\/wp-json\/wp\/v2\/pages"}],"about":[{"href":"https:\/\/m-terzini.ch\/index.php\/wp-json\/wp\/v2\/types\/page"}],"author":[{"embeddable":true,"href":"https:\/\/m-terzini.ch\/index.php\/wp-json\/wp\/v2\/users\/1"}],"replies":[{"embeddable":true,"href":"https:\/\/m-terzini.ch\/index.php\/wp-json\/wp\/v2\/comments?post=64"}],"version-history":[{"count":4,"href":"https:\/\/m-terzini.ch\/index.php\/wp-json\/wp\/v2\/pages\/64\/revisions"}],"predecessor-version":[{"id":103,"href":"https:\/\/m-terzini.ch\/index.php\/wp-json\/wp\/v2\/pages\/64\/revisions\/103"}],"wp:attachment":[{"href":"https:\/\/m-terzini.ch\/index.php\/wp-json\/wp\/v2\/media?parent=64"}],"curies":[{"name":"wp","href":"https:\/\/api.w.org\/{rel}","templated":true}]}}