


{"id":4,"date":"2017-04-06T11:33:10","date_gmt":"2017-04-06T09:33:10","guid":{"rendered":"http:\/\/localhost\/wordpress\/?page_id=4"},"modified":"2018-02-13T02:45:03","modified_gmt":"2018-02-13T01:45:03","slug":"dienstleistungen","status":"publish","type":"page","link":"https:\/\/m-terzini.ch\/index.php\/dienstleistungen\/","title":{"rendered":"Dienstleistungen"},"content":{"rendered":"<h1>K\u00e4lteschutz<\/h1>\n<p>Die Bildung von Schwitzwasser oder Eis kann zu empfindlichen Sch\u00e4den an Bauwerken f\u00fchren. Die Folgen sind hohe Kosten f\u00fcr die erforderlichen Reparaturen.<\/p>\n<p>Deshalb ist es von entscheidender Bedeutung, dass technische Einrichtungen und Geb\u00e4ude vor diesen Sch\u00e4den gesch\u00fctzt sind.<\/p>\n<h1>W\u00e4rmeschutz<\/h1>\n<p>W\u00e4rmeverlust in Geb\u00e4uden f\u00fchrt zu einem hohen Energieverbrauch und CO2-Ausstoss. Ausserdem ist bei den teuren Preisen f\u00fcr fossile Brennstoffe der Kostenfaktor nicht zu untersch\u00e4tzen.<\/p>\n<p>Mit einer effektiven W\u00e4rmed\u00e4mmung bleibt die W\u00e4rme in Ihrem Geb\u00e4ude. Somit k\u00f6nnen Sie Heizkosten reduzieren und einen entscheidenden Beitrag zum Umweltschutz leisten.<\/p>\n<p>&nbsp;<\/p>\n<h1>Schallschutz<\/h1>\n<p>L\u00e4rm st\u00f6rt und gef\u00e4hrdet die Gesundheit.<\/p>\n<p>Schutz vor diesen negativen Auswirkungen bietet der bauliche und technische Schallschutz in Ihren Geb\u00e4uden. Zum Schallschutz z\u00e4hlen alle Massnahmen, die eine \u00dcbertragung von der Schallquelle zum H\u00f6rer vermindern.<\/p>\n","protected":false},"excerpt":{"rendered":"<p>K\u00e4lteschutz Die Bildung von Schwitzwasser oder Eis kann zu empfindlichen Sch\u00e4den an Bauwerken f\u00fchren. Die Folgen sind hohe Kosten f\u00fcr die erforderlichen Reparaturen. Deshalb ist es von entscheidender Bedeutung, dass technische Einrichtungen und Geb\u00e4ude vor diesen Sch\u00e4den gesch\u00fctzt sind. W\u00e4rmeschutz W\u00e4rmeverlust in Geb\u00e4uden f\u00fchrt zu einem hohen Energieverbrauch und CO2-Ausstoss. Ausserdem ist bei den teuren [&hellip;]<\/p>\n","protected":false},"author":1,"featured_media":0,"parent":0,"menu_order":0,"comment_status":"closed","ping_status":"closed","template":"","meta":{"inline_featured_image":false,"footnotes":""},"_links":{"self":[{"href":"https:\/\/m-terzini.ch\/index.php\/wp-json\/wp\/v2\/pages\/4"}],"collection":[{"href":"https:\/\/m-terzini.ch\/index.php\/wp-json\/wp\/v2\/pages"}],"about":[{"href":"https:\/\/m-terzini.ch\/index.php\/wp-json\/wp\/v2\/types\/page"}],"author":[{"embeddable":true,"href":"https:\/\/m-terzini.ch\/index.php\/wp-json\/wp\/v2\/users\/1"}],"replies":[{"embeddable":true,"href":"https:\/\/m-terzini.ch\/index.php\/wp-json\/wp\/v2\/comments?post=4"}],"version-history":[{"count":5,"href":"https:\/\/m-terzini.ch\/index.php\/wp-json\/wp\/v2\/pages\/4\/revisions"}],"predecessor-version":[{"id":105,"href":"https:\/\/m-terzini.ch\/index.php\/wp-json\/wp\/v2\/pages\/4\/revisions\/105"}],"wp:attachment":[{"href":"https:\/\/m-terzini.ch\/index.php\/wp-json\/wp\/v2\/media?parent=4"}],"curies":[{"name":"wp","href":"https:\/\/api.w.org\/{rel}","templated":true}]}}